{"id":1510,"date":"2016-09-27T00:36:13","date_gmt":"2016-09-27T00:36:13","guid":{"rendered":"http:\/\/www.lopezspratt.com\/v3\/?page_id=1510"},"modified":"2017-04-01T12:36:00","modified_gmt":"2017-04-01T12:36:00","slug":"fotografia-aerea-drone","status":"publish","type":"page","link":"http:\/\/www.lopezspratt.com\/v3\/fotografia-aerea-drone\/","title":{"rendered":"Fotograf\u00eda A\u00e9rea"},"content":{"rendered":"<div class=\"wpb-content-wrapper\"><p>[vc_row][vc_column][\/vc_column][\/vc_row][vc_row gap=&#8221;35&#8243; content_placement=&#8221;middle&#8221;][vc_column width=&#8221;1\/2&#8243;][vc_row_inner][vc_column_inner][vc_separator]<div id=\"ultimate-heading-445169ea24110bbde\" class=\"uvc-heading ult-adjust-bottom-margin ultimate-heading-445169ea24110bbde uvc-8130 \" data-hspacer=\"no_spacer\"  data-halign=\"left\" style=\"text-align:left\"><div class=\"uvc-heading-spacer no_spacer\" style=\"top\"><\/div><div class=\"uvc-main-heading ult-responsive\"  data-ultimate-target='.uvc-heading.ultimate-heading-445169ea24110bbde h3'  data-responsive-json-new='{\"font-size\":\"\",\"line-height\":\"\"}' ><h3 style=\"font-family:'Advent Pro';font-weight:bold;color:rgba(141,141,141,0.7);\">FOTOGRAFIA AEREA<\/h3><\/div><div class=\"uvc-sub-heading ult-responsive\"  data-ultimate-target='.uvc-heading.ultimate-heading-445169ea24110bbde .uvc-sub-heading '  data-responsive-json-new='{\"font-size\":\"desktop:14px;\",\"line-height\":\"desktop:24px;\"}'  style=\"font-family:'Average Sans';font-weight:normal;color:#8d8d8d;\"><\/p>\n<div class=\"wpb_text_column wpb_content_element \">\n<div class=\"wpb_wrapper\">\n<p>La fotograf\u00eda a\u00e9rea es una de las t\u00e9cnicas m\u00e1s maravillosas y fascinantes que existe, pero una de las m\u00e1s dif\u00edciles a su vez. Esta rama de la fotograf\u00eda permitir\u00e1 contar con im\u00e1genes de su proyecto, construcci\u00f3n, producto o evento desde un \u00e1ngulo poco com\u00fan, y ese es uno de los puntos que la hace tan fascinante. Actualmente puedo ofrecer servicios de fotograf\u00eda a\u00e9rea en aeronaves reales como as\u00ed tambi\u00e9n utilizando drones (helic\u00f3ptero a radio control). La diferencia considerable que existe entre uno y el otro, es que la visi\u00f3n que uno tiene estando en el veh\u00edculo es totalmente distinta a la que puede dar un monitor desde tierra firme, pero la fotografia aerea con drones es mucho m\u00e1s econ\u00f3mica l\u00f3gicamente.<\/p>\n<\/div>\n<\/div>\n<p><\/div><\/div><div class=\"ult-spacer spacer-69ea24110bbf3\" data-id=\"69ea24110bbf3\" data-height=\"19\" data-height-mobile=\"19\" data-height-tab=\"19\" data-height-tab-portrait=\"\" data-height-mobile-landscape=\"\" style=\"clear:both;display:block;\"><\/div><div id=\"ultimate-heading-331269ea24110bc54\" class=\"uvc-heading ult-adjust-bottom-margin ultimate-heading-331269ea24110bc54 uvc-6873 \" data-hspacer=\"line_with_icon\" data-hline_width=\"auto\" data-hicon_type=\"selector\" data-hborder_style=\"solid\" data-hborder_height=\"1\" data-hborder_color=\"#e0e0e0\" data-icon_width=\"28\" data-hfixer=\"10\"  data-halign=\"center\" style=\"text-align:center\"><div class=\"uvc-heading-spacer line_with_icon\" style=\"topheight:28px;\"><div class=\"ult-just-icon-wrapper  \"><div class=\"align-icon\" style=\"text-align:center;\">\n<div class=\"aio-icon none \"  style=\"font-size:28px;display:inline-block;\">\n\t<i class=\"Defaults-paper-plane-o send-o\"><\/i>\n<\/div><\/div><\/div><\/div><\/div>[\/vc_column_inner][\/vc_row_inner][\/vc_column][vc_column width=&#8221;1\/2&#8243;][vc_row_inner][vc_column_inner][vc_gallery type=&#8221;nivo&#8221; interval=&#8221;3&#8243; images=&#8221;3463,3456,3493,3464,3460,3492,2625,3453,3454,3490,3452,3489,2690,3465,3488,3491&#8243; img_size=&#8221;full&#8221; onclick=&#8221;&#8221;][\/vc_column_inner][\/vc_row_inner][\/vc_column][\/vc_row][vc_row bg_type=&#8221;image&#8221; parallax_style=&#8221;vcpb-vz-jquery&#8221; bg_image_new=&#8221;id^3487|url^http:\/\/www.lopezspratt.com\/v3\/wp-content\/uploads\/2016\/09\/aerea-down.jpg|caption^null|alt^null|title^fotografia aerea|description^null&#8221; bg_image_repeat=&#8221;no-repeat&#8221; bg_image_size=&#8221;initial&#8221; parallax_sense=&#8221;50&#8243; bg_override=&#8221;full&#8221; enable_overlay=&#8221;enable_overlay_value&#8221; overlay_color=&#8221;#000000&#8243; overlay_pattern=&#8221;transperant&#8221; overlay_pattern_opacity=&#8221;10&#8243; css=&#8221;.vc_custom_1476108926523{padding-top: 100px !important;padding-bottom: 72px !important;}&#8221;][vc_column width=&#8221;1\/3&#8243;][\/vc_column][vc_column width=&#8221;1\/3&#8243;][vc_empty_space][\/vc_column][vc_column width=&#8221;1\/3&#8243;][\/vc_column][\/vc_row][vc_row][vc_column][vc_empty_space height=&#8221;25px&#8221;][\/vc_column][\/vc_row][vc_row gap=&#8221;30&#8243; bg_type=&#8221;bg_color&#8221; css=&#8221;.vc_custom_1474921218624{margin-right: 5px !important;margin-left: 5px !important;padding-top: 50px !important;padding-bottom: 50px !important;background-position: center !important;background-repeat: no-repeat !important;background-size: cover !important;}&#8221; bg_color_value=&#8221;rgba(184,184,184,0.57)&#8221;][vc_column][vc_row_inner][vc_column_inner width=&#8221;1\/3&#8243;][vc_custom_heading text=&#8221;FOTOGRAFIA AEREA CON DRONE&#8221; font_container=&#8221;tag:h3|font_size:22|text_align:center&#8221; google_fonts=&#8221;font_family:Montserrat%3Aregular%2C700|font_style:400%20regular%3A400%3Anormal&#8221;][vc_column_text]<\/p>\n<p style=\"text-align: center;\">La <strong>Fotograf\u00eda A\u00e9rea con Drone <\/strong>es una soluci\u00f3n ideal para obtener im\u00e1genes a\u00e9reas de un proyecto inmobiliario, obra en construcci\u00f3n, eventos musicales\/deportivos, villa, etc, con un costo muy inferior al servicio de <em>\u201cFotograf\u00eda A\u00e9rea Profesional\u201d.<\/em><strong>\u00a0<\/strong>En la Fotograf\u00eda A\u00e9rea con Drone se utiliza un helic\u00f3pteros a radio control, por lo que podremos realizar tomas imposibles de hacer con una aeronave real, como por ejemplo dentro de un complejo de apartamentos, fotograf\u00eda en un angulo de 90 grados (eagle eye) para presentar un masterplan real, etc.<\/p>\n<p>[\/vc_column_text][\/vc_column_inner][vc_column_inner width=&#8221;1\/3&#8243;][vc_custom_heading text=&#8221;FOTOGRAFIA AEREA PROFESIONAL&#8221; font_container=&#8221;tag:h3|font_size:22|text_align:center&#8221; google_fonts=&#8221;font_family:Montserrat%3Aregular%2C700|font_style:400%20regular%3A400%3Anormal&#8221;][vc_column_text]El servicio de <strong>Fotograf\u00eda Aerea Profesional<\/strong> consta en\u00a0alquilar una aeronave real y realizar una sesi\u00f3n fotogr\u00e1fica a\u00e9rea de su proyecto, villa o evento. A diferencia del servicio <em>\u201cfotograf\u00eda aereo\u00a0con drone\u201d<\/em>, en este caso utilizar\u00e9 cuerpos de c\u00e1mara y objetivos \u201cpro\u201d que por su peso y dimensiones ser\u00eda imposible colocar en un helicoptero a radio control.\u00a0Como por ejemplo Nikon D5 o Nikon D810 y las mejores \u00f3pticas Nikkor pudiendo entregar im\u00e1genes en 36mpx con una calidad\u00a0inmejorable.\u00a0Una aeronave real nos permite hacer tomas de m\u00e1s de 200 metros de altura\u00a0y\u00a0la visi\u00f3n perif\u00e9rica que puedo tener estando en el helic\u00f3ptero es incomparable con lo que puedo ver a trav\u00e9s de una pantalla.[\/vc_column_text][\/vc_column_inner][vc_column_inner width=&#8221;1\/3&#8243;][vc_custom_heading text=&#8221;VIDEO AEREO&#8221; font_container=&#8221;tag:h3|font_size:22|text_align:center&#8221; google_fonts=&#8221;font_family:Montserrat%3Aregular%2C700|font_style:400%20regular%3A400%3Anormal&#8221;][vc_column_text]El\u00a0Video Aereo es mas una prestaci\u00f3n adicional que un servicio en si. Realmente cuando hago un video comercial o de real estate, el video aereo es una herramienta magnifica para dar un punto de vista totalmente diferente. Para esto utilizo drones profesionales como el DJI Inspire 1 PRO + DJI X5 con lo que obtendremos im\u00e1genes espectaculares y con una estabilidad imposible de lograr en una aeronave real.[\/vc_column_text][\/vc_column_inner][\/vc_row_inner][\/vc_column][\/vc_row][vc_row][vc_column][vc_row_inner gap=&#8221;30&#8243;][vc_column_inner width=&#8221;1\/6&#8243;][\/vc_column_inner][vc_column_inner width=&#8221;4\/6&#8243;][vc_message icon_fontawesome=&#8221;fa fa-plane&#8221; css_animation=&#8221;appear&#8221;]<\/p>\n<p style=\"text-align: center;\">Si bien soy un fotografo en Las Terrenas, tengo total disponibilidad para viajar tanto dentro como fuera de Rep\u00fablica Dominicana para realizar fotografia aerea o video aereo.<\/p>\n<p>[\/vc_message][\/vc_column_inner][vc_column_inner width=&#8221;1\/6&#8243;][\/vc_column_inner][\/vc_row_inner][\/vc_column][\/vc_row][vc_row gap=&#8221;30&#8243; bg_type=&#8221;image&#8221; parallax_style=&#8221;vcpb-vz-jquery&#8221; bg_image_new=&#8221;id^827|url^http:\/\/www.lopezspratt.com\/v3\/wp-content\/uploads\/2015\/01\/Preview-Image-32.jpg|caption^null|alt^null|title^Fotografo de Bodas Las Terrenas|description^null&#8221; bg_override=&#8221;ex-full&#8221;][vc_column]<div class=\"ult-spacer spacer-69ea24110bc5f\" data-id=\"69ea24110bc5f\" data-height=\"20\" data-height-mobile=\"20\" data-height-tab=\"20\" data-height-tab-portrait=\"\" data-height-mobile-landscape=\"\" style=\"clear:both;display:block;\"><\/div>[vc_row_inner css=&#8221;.vc_custom_1474504689364{padding-top: 20px !important;padding-right: 20px !important;padding-bottom: 20px !important;padding-left: 20px !important;background-color: rgba(37,150,18,0.24) !important;*background-color: rgb(37,150,18) !important;}&#8221;][vc_column_inner width=&#8221;1\/6&#8243;]<div class=\"ult-just-icon-wrapper  \"><div class=\"align-icon\" style=\"text-align:center;\">\n<div class=\"aio-icon circle \" data-animation=\"swing\" data-animation-delay=\"03\" style=\"color:#ffffff;background:#259612;font-size:22px;display:inline-block;\">\n\t<i class=\"Defaults-check\"><\/i>\n<\/div><\/div><\/div>[\/vc_column_inner][vc_column_inner width=&#8221;5\/6&#8243;][vc_custom_heading text=&#8221;Actualmente me encuentro en Las Terrenas, Saman\u00e1, Rep\u00fablica Dominicana, teniendo total disponibilidad para viajar a lo largo y ancho del pa\u00eds para ofrecer Fotograf\u00eda A\u00e9rea Profesional. Video A\u00e9reo. Fotograf\u00eda Aerea con Drone.&#8221; font_container=&#8221;tag:h3|text_align:center&#8221; google_fonts=&#8221;font_family:Montserrat%3Aregular%2C700|font_style:400%20regular%3A400%3Anormal&#8221;][\/vc_column_inner][\/vc_row_inner]<div class=\"ult-spacer spacer-69ea24110bc6e\" data-id=\"69ea24110bc6e\" data-height=\"20\" data-height-mobile=\"20\" data-height-tab=\"20\" data-height-tab-portrait=\"\" data-height-mobile-landscape=\"\" style=\"clear:both;display:block;\"><\/div>[\/vc_column][\/vc_row]<\/p>\n<\/div>","protected":false},"excerpt":{"rendered":"<p>[vc_row][vc_column][\/vc_column][\/vc_row][vc_row gap=&#8221;35&#8243; content_placement=&#8221;middle&#8221;][vc_column width=&#8221;1\/2&#8243;][vc_row_inner][vc_column_inner][vc_separator][\/vc_column_inner][\/vc_row_inner][\/vc_column][vc_column width=&#8221;1\/2&#8243;][vc_row_inner][vc_column_inner][vc_gallery type=&#8221;nivo&#8221; interval=&#8221;3&#8243; images=&#8221;3463,3456,3493,3464,3460,3492,2625,3453,3454,3490,3452,3489,2690,3465,3488,3491&#8243; img_size=&#8221;full&#8221; onclick=&#8221;&#8221;][\/vc_column_inner][\/vc_row_inner][\/vc_column][\/vc_row][vc_row bg_type=&#8221;image&#8221; parallax_style=&#8221;vcpb-vz-jquery&#8221; bg_image_new=&#8221;id^3487|url^http:\/\/www.lopezspratt.com\/v3\/wp-content\/uploads\/2016\/09\/aerea-down.jpg|caption^null|alt^null|title^fotografia aerea|description^null&#8221; bg_image_repeat=&#8221;no-repeat&#8221; bg_image_size=&#8221;initial&#8221; parallax_sense=&#8221;50&#8243; bg_override=&#8221;full&#8221; enable_overlay=&#8221;enable_overlay_value&#8221; overlay_color=&#8221;#000000&#8243; overlay_pattern=&#8221;transperant&#8221; overlay_pattern_opacity=&#8221;10&#8243; css=&#8221;.vc_custom_1476108926523{padding-top: 100px !important;padding-bottom: 72px !important;}&#8221;][vc_column width=&#8221;1\/3&#8243;][\/vc_column][vc_column width=&#8221;1\/3&#8243;][vc_empty_space][\/vc_column][vc_column width=&#8221;1\/3&#8243;][\/vc_column][\/vc_row][vc_row][vc_column][vc_empty_space height=&#8221;25px&#8221;][\/vc_column][\/vc_row][vc_row gap=&#8221;30&#8243; bg_type=&#8221;bg_color&#8221; css=&#8221;.vc_custom_1474921218624{margin-right: 5px !important;margin-left: 5px !important;padding-top: 50px !important;padding-bottom: 50px !important;background-position: center !important;background-repeat: no-repeat !important;background-size: cover !important;}&#8221; bg_color_value=&#8221;rgba(184,184,184,0.57)&#8221;][vc_column][vc_row_inner][vc_column_inner width=&#8221;1\/3&#8243;][vc_custom_heading text=&#8221;FOTOGRAFIA AEREA CON DRONE&#8221; font_container=&#8221;tag:h3|font_size:22|text_align:center&#8221; [&hellip;]<\/p>\n","protected":false},"author":1,"featured_media":0,"parent":0,"menu_order":0,"comment_status":"closed","ping_status":"closed","template":"","meta":{"footnotes":""},"class_list":["post-1510","page","type-page","status-publish","hentry"],"_links":{"self":[{"href":"http:\/\/www.lopezspratt.com\/v3\/wp-json\/wp\/v2\/pages\/1510","targetHints":{"allow":["GET"]}}],"collection":[{"href":"http:\/\/www.lopezspratt.com\/v3\/wp-json\/wp\/v2\/pages"}],"about":[{"href":"http:\/\/www.lopezspratt.com\/v3\/wp-json\/wp\/v2\/types\/page"}],"author":[{"embeddable":true,"href":"http:\/\/www.lopezspratt.com\/v3\/wp-json\/wp\/v2\/users\/1"}],"replies":[{"embeddable":true,"href":"http:\/\/www.lopezspratt.com\/v3\/wp-json\/wp\/v2\/comments?post=1510"}],"version-history":[{"count":2,"href":"http:\/\/www.lopezspratt.com\/v3\/wp-json\/wp\/v2\/pages\/1510\/revisions"}],"predecessor-version":[{"id":13675,"href":"http:\/\/www.lopezspratt.com\/v3\/wp-json\/wp\/v2\/pages\/1510\/revisions\/13675"}],"wp:attachment":[{"href":"http:\/\/www.lopezspratt.com\/v3\/wp-json\/wp\/v2\/media?parent=1510"}],"curies":[{"name":"wp","href":"https:\/\/api.w.org\/{rel}","templated":true}]}}